{"id":2612,"date":"2025-05-05T09:55:06","date_gmt":"2025-05-05T09:55:06","guid":{"rendered":"https:\/\/csm-danmark.dk\/syd\/?page_id=2612"},"modified":"2025-05-05T09:55:06","modified_gmt":"2025-05-05T09:55:06","slug":"socialfaglig-raadgivning-i-frivilligsektionen","status":"publish","type":"page","link":"https:\/\/csm-danmark.dk\/syd\/socialfaglig-raadgivning-i-frivilligsektionen\/","title":{"rendered":"Socialfaglig r\u00e5dgivning i frivilligsektionen"},"content":{"rendered":"\n<p>CSM Syd &#8211; Frivilligsektion tilbyder gratis, anonym socialr\u00e5dgivning og vejledning til voksne, der har senf\u00f8lger efter at have v\u00e6ret udsat for seksuelle overgreb i barndommen.<\/p>\n\n\n\n<p>Vores socialr\u00e5dgiver kan blandt andet hj\u00e6lpe dig i f\u00f8lgende situationer:<\/p>\n\n\n\n<p>&#8211;\u00a0 \u00a0Vejlede dig om dine rettigheder i forhold til de offentlige myndigheder.<br>&#8211;\u00a0 \u00a0Hj\u00e6lpe dig med at tage kontakt til de offentlige myndigheder.<br>&#8211;\u00a0 \u00a0Tage med som bisidder til m\u00f8de med de offentlige myndigheder, socialforvaltningen, l\u00e6ge efter behov, m.m.<br>&#8211;\u00a0 \u00a0Hj\u00e6lp til at forst\u00e5 breve, du modtager fra det offentlige.<br>&#8211;\u00a0 \u00a0Hvis du er sygemeldt og brug for st\u00f8tte til at komme i uddannelse eller arbejde.<br>&#8211;\u00a0 \u00a0Hvis du har behov for en samtale om din aktuelle situation og dine\u00a0 \u00a0 \u00a0 \u00a0 \u00a0 \u00a0 \u00a0 \u00a0 \u00a0 \u00a0 \u00a0 \u00a0 \u00a0 \u00a0 \u00a0 \u00a0 \u00a0 \u00a0 \u00a0 \u00a0fremtidsmuligheder.<br>&#8211;\u00a0 \u00a0Eller hvad du ellers m\u00e5tte have behov for&#8230;<\/p>\n\n\n\n<p>Socialr\u00e5dgiver Sylvia Christensen st\u00e5r til r\u00e5dighed for b\u00e5de behandlingssektionens og frivilligsektionens brugere, og hun kan kontaktes for b\u00e5de personlig og telefonisk r\u00e5dgivning.<\/p>\n\n\n\n<p><i class=\"fa fa-phone \" ><\/i> 61 14 47 33<br><i class=\"fa fa-phone \" ><\/i> 66 14 66 33<br><i class=\"fa fa-envelope \" ><\/i>&nbsp;<a href=\"mailto:socialraadgiver@csm-syd-frivilligsektion.dk\">socialraadgiver@csm-syd-frivilligsektion.dk<\/a><\/p>\n\n\n\n<p>Det vil som udgangspunkt v\u00e6re muligt at kontakte CSM Syd &#8211; Frivilligsektions socialr\u00e5dgiver inden for f\u00f8lgende tidsrum:<\/p>\n\n\n\n<p>Mandag og onsdag kl. 11-14<\/p>\n\n\n\n<p>Der tages forbehold for \u00e6ndringer.<\/p>\n","protected":false},"excerpt":{"rendered":"<p>CSM Syd &#8211; Frivilligsektion tilbyder gratis, anonym socialr\u00e5dgivning og vejledning til voksne, der har senf\u00f8lger efter at have v\u00e6ret udsat for seksuelle overgreb i barndommen. Vores socialr\u00e5dgiver kan blandt andet hj\u00e6lpe dig i f\u00f8lgende situationer: &#8211;\u00a0 \u00a0Vejlede dig om dine rettigheder i forhold til de offentlige myndigheder.&#8211;\u00a0 \u00a0Hj\u00e6lpe dig med at tage kontakt til de [&hellip;]<\/p>\n","protected":false},"author":22,"featured_media":0,"parent":0,"menu_order":0,"comment_status":"closed","ping_status":"closed","template":"","meta":{"_acf_changed":false,"footnotes":""},"class_list":["post-2612","page","type-page","status-publish","hentry"],"acf":[],"yoast_head":"<!-- This site is optimized with the Yoast SEO plugin v26.6 - https:\/\/yoast.com\/wordpress\/plugins\/seo\/ -->\n<title>Socialfaglig r\u00e5dgivning i frivilligsektionen - CSM: Syd<\/title>\n<meta name=\"robots\" content=\"index, follow, max-snippet:-1, max-image-preview:large, max-video-preview:-1\" \/>\n<link rel=\"canonical\" href=\"https:\/\/csm-danmark.dk\/syd\/socialfaglig-raadgivning-i-frivilligsektionen\/\" \/>\n<meta property=\"og:locale\" content=\"da_DK\" \/>\n<meta property=\"og:type\" content=\"article\" \/>\n<meta property=\"og:title\" content=\"Socialfaglig r\u00e5dgivning i frivilligsektionen - CSM: Syd\" \/>\n<meta property=\"og:description\" content=\"CSM Syd &#8211; Frivilligsektion tilbyder gratis, anonym socialr\u00e5dgivning og vejledning til voksne, der har senf\u00f8lger efter at have v\u00e6ret udsat for seksuelle overgreb i barndommen. Vores socialr\u00e5dgiver kan blandt andet hj\u00e6lpe dig i f\u00f8lgende situationer: &#8211;\u00a0 \u00a0Vejlede dig om dine rettigheder i forhold til de offentlige myndigheder.&#8211;\u00a0 \u00a0Hj\u00e6lpe dig med at tage kontakt til de [&hellip;]\" \/>\n<meta property=\"og:url\" content=\"https:\/\/csm-danmark.dk\/syd\/socialfaglig-raadgivning-i-frivilligsektionen\/\" \/>\n<meta property=\"og:site_name\" content=\"CSM: Syd\" \/>\n<meta name=\"twitter:card\" content=\"summary_large_image\" \/>\n<meta name=\"twitter:label1\" content=\"Estimeret l\u00e6setid\" \/>\n\t<meta name=\"twitter:data1\" content=\"2 minutter\" \/>\n<script type=\"application\/ld+json\" class=\"yoast-schema-graph\">{\"@context\":\"https:\/\/schema.org\",\"@graph\":[{\"@type\":\"WebPage\",\"@id\":\"https:\/\/csm-danmark.dk\/syd\/socialfaglig-raadgivning-i-frivilligsektionen\/\",\"url\":\"https:\/\/csm-danmark.dk\/syd\/socialfaglig-raadgivning-i-frivilligsektionen\/\",\"name\":\"Socialfaglig r\u00e5dgivning i frivilligsektionen - CSM: Syd\",\"isPartOf\":{\"@id\":\"https:\/\/csm-danmark.dk\/syd\/#website\"},\"datePublished\":\"2025-05-05T09:55:06+00:00\",\"breadcrumb\":{\"@id\":\"https:\/\/csm-danmark.dk\/syd\/socialfaglig-raadgivning-i-frivilligsektionen\/#breadcrumb\"},\"inLanguage\":\"da-DK\",\"potentialAction\":[{\"@type\":\"ReadAction\",\"target\":[\"https:\/\/csm-danmark.dk\/syd\/socialfaglig-raadgivning-i-frivilligsektionen\/\"]}]},{\"@type\":\"BreadcrumbList\",\"@id\":\"https:\/\/csm-danmark.dk\/syd\/socialfaglig-raadgivning-i-frivilligsektionen\/#breadcrumb\",\"itemListElement\":[{\"@type\":\"ListItem\",\"position\":1,\"name\":\"Home\",\"item\":\"https:\/\/csm-danmark.dk\/syd\/\"},{\"@type\":\"ListItem\",\"position\":2,\"name\":\"Socialfaglig r\u00e5dgivning i frivilligsektionen\"}]},{\"@type\":\"WebSite\",\"@id\":\"https:\/\/csm-danmark.dk\/syd\/#website\",\"url\":\"https:\/\/csm-danmark.dk\/syd\/\",\"name\":\"CSM: Syd\",\"description\":\"Center for Seksuelt Misbrugte\",\"potentialAction\":[{\"@type\":\"SearchAction\",\"target\":{\"@type\":\"EntryPoint\",\"urlTemplate\":\"https:\/\/csm-danmark.dk\/syd\/?s={search_term_string}\"},\"query-input\":{\"@type\":\"PropertyValueSpecification\",\"valueRequired\":true,\"valueName\":\"search_term_string\"}}],\"inLanguage\":\"da-DK\"}]}<\/script>\n<!-- \/ Yoast SEO plugin. -->","yoast_head_json":{"title":"Socialfaglig r\u00e5dgivning i frivilligsektionen - CSM: Syd","robots":{"index":"index","follow":"follow","max-snippet":"max-snippet:-1","max-image-preview":"max-image-preview:large","max-video-preview":"max-video-preview:-1"},"canonical":"https:\/\/csm-danmark.dk\/syd\/socialfaglig-raadgivning-i-frivilligsektionen\/","og_locale":"da_DK","og_type":"article","og_title":"Socialfaglig r\u00e5dgivning i frivilligsektionen - CSM: Syd","og_description":"CSM Syd &#8211; Frivilligsektion tilbyder gratis, anonym socialr\u00e5dgivning og vejledning til voksne, der har senf\u00f8lger efter at have v\u00e6ret udsat for seksuelle overgreb i barndommen. Vores socialr\u00e5dgiver kan blandt andet hj\u00e6lpe dig i f\u00f8lgende situationer: &#8211;\u00a0 \u00a0Vejlede dig om dine rettigheder i forhold til de offentlige myndigheder.&#8211;\u00a0 \u00a0Hj\u00e6lpe dig med at tage kontakt til de [&hellip;]","og_url":"https:\/\/csm-danmark.dk\/syd\/socialfaglig-raadgivning-i-frivilligsektionen\/","og_site_name":"CSM: Syd","twitter_card":"summary_large_image","twitter_misc":{"Estimeret l\u00e6setid":"2 minutter"},"schema":{"@context":"https:\/\/schema.org","@graph":[{"@type":"WebPage","@id":"https:\/\/csm-danmark.dk\/syd\/socialfaglig-raadgivning-i-frivilligsektionen\/","url":"https:\/\/csm-danmark.dk\/syd\/socialfaglig-raadgivning-i-frivilligsektionen\/","name":"Socialfaglig r\u00e5dgivning i frivilligsektionen - CSM: Syd","isPartOf":{"@id":"https:\/\/csm-danmark.dk\/syd\/#website"},"datePublished":"2025-05-05T09:55:06+00:00","breadcrumb":{"@id":"https:\/\/csm-danmark.dk\/syd\/socialfaglig-raadgivning-i-frivilligsektionen\/#breadcrumb"},"inLanguage":"da-DK","potentialAction":[{"@type":"ReadAction","target":["https:\/\/csm-danmark.dk\/syd\/socialfaglig-raadgivning-i-frivilligsektionen\/"]}]},{"@type":"BreadcrumbList","@id":"https:\/\/csm-danmark.dk\/syd\/socialfaglig-raadgivning-i-frivilligsektionen\/#breadcrumb","itemListElement":[{"@type":"ListItem","position":1,"name":"Home","item":"https:\/\/csm-danmark.dk\/syd\/"},{"@type":"ListItem","position":2,"name":"Socialfaglig r\u00e5dgivning i frivilligsektionen"}]},{"@type":"WebSite","@id":"https:\/\/csm-danmark.dk\/syd\/#website","url":"https:\/\/csm-danmark.dk\/syd\/","name":"CSM: Syd","description":"Center for Seksuelt Misbrugte","potentialAction":[{"@type":"SearchAction","target":{"@type":"EntryPoint","urlTemplate":"https:\/\/csm-danmark.dk\/syd\/?s={search_term_string}"},"query-input":{"@type":"PropertyValueSpecification","valueRequired":true,"valueName":"search_term_string"}}],"inLanguage":"da-DK"}]}},"_links":{"self":[{"href":"https:\/\/csm-danmark.dk\/syd\/wp-json\/wp\/v2\/pages\/2612","targetHints":{"allow":["GET"]}}],"collection":[{"href":"https:\/\/csm-danmark.dk\/syd\/wp-json\/wp\/v2\/pages"}],"about":[{"href":"https:\/\/csm-danmark.dk\/syd\/wp-json\/wp\/v2\/types\/page"}],"author":[{"embeddable":true,"href":"https:\/\/csm-danmark.dk\/syd\/wp-json\/wp\/v2\/users\/22"}],"replies":[{"embeddable":true,"href":"https:\/\/csm-danmark.dk\/syd\/wp-json\/wp\/v2\/comments?post=2612"}],"version-history":[{"count":1,"href":"https:\/\/csm-danmark.dk\/syd\/wp-json\/wp\/v2\/pages\/2612\/revisions"}],"predecessor-version":[{"id":2613,"href":"https:\/\/csm-danmark.dk\/syd\/wp-json\/wp\/v2\/pages\/2612\/revisions\/2613"}],"wp:attachment":[{"href":"https:\/\/csm-danmark.dk\/syd\/wp-json\/wp\/v2\/media?parent=2612"}],"curies":[{"name":"wp","href":"https:\/\/api.w.org\/{rel}","templated":true}]}}