{"id":2321,"date":"2019-06-12T09:30:18","date_gmt":"2019-06-12T09:30:18","guid":{"rendered":"https:\/\/csm-danmark.dk\/ost\/?page_id=2321"},"modified":"2021-12-15T14:58:26","modified_gmt":"2021-12-15T14:58:26","slug":"kalender","status":"publish","type":"page","link":"https:\/\/csm-danmark.dk\/ost\/kalender\/","title":{"rendered":"Kalender"},"content":{"rendered":"\n<p>Er du voksen, og har du senf\u00f8lger efter seksuelle overgreb i barndommen, har du mulighed for at deltage i de aftenaktiviteter, vi tilbyder hos CSM \u00d8st.<\/p>\n<p>Her kan du m\u00f8des med andre i samme situation og have det rart i trygge omgivelser. Det er ikke et krav, at du er i behandling hos CSM \u00d8st eller benytter et af centrets andre tilbud.<\/p>\n<p>I kalenderen herunder kan du se kommende arrangementer.<\/p>\n","protected":false},"excerpt":{"rendered":"<p>Er du voksen, og har du senf\u00f8lger efter seksuelle overgreb i barndommen, har du mulighed for at deltage i de aftenaktiviteter, vi tilbyder hos CSM \u00d8st. Her kan du m\u00f8des med andre i samme situation og have det rart i trygge omgivelser. Det er ikke et krav, at du er i behandling hos CSM \u00d8st [&hellip;]<\/p>\n","protected":false},"author":3,"featured_media":0,"parent":0,"menu_order":0,"comment_status":"closed","ping_status":"closed","template":"page-templates\/tpl_page_calendar.php","meta":{"_acf_changed":false,"footnotes":""},"class_list":["post-2321","page","type-page","status-publish","hentry"],"acf":[],"yoast_head":"<!-- This site is optimized with the Yoast SEO plugin v26.6 - https:\/\/yoast.com\/wordpress\/plugins\/seo\/ -->\n<title>Kalender - CSM: \u00d8st<\/title>\n<meta name=\"robots\" content=\"index, follow, max-snippet:-1, max-image-preview:large, max-video-preview:-1\" \/>\n<link rel=\"canonical\" href=\"https:\/\/csm-danmark.dk\/ost\/kalender\/\" \/>\n<meta property=\"og:locale\" content=\"da_DK\" \/>\n<meta property=\"og:type\" content=\"article\" \/>\n<meta property=\"og:title\" content=\"Kalender - CSM: \u00d8st\" \/>\n<meta property=\"og:description\" content=\"Er du voksen, og har du senf\u00f8lger efter seksuelle overgreb i barndommen, har du mulighed for at deltage i de aftenaktiviteter, vi tilbyder hos CSM \u00d8st. Her kan du m\u00f8des med andre i samme situation og have det rart i trygge omgivelser. Det er ikke et krav, at du er i behandling hos CSM \u00d8st [&hellip;]\" \/>\n<meta property=\"og:url\" content=\"https:\/\/csm-danmark.dk\/ost\/kalender\/\" \/>\n<meta property=\"og:site_name\" content=\"CSM: \u00d8st\" \/>\n<meta property=\"article:modified_time\" content=\"2021-12-15T14:58:26+00:00\" \/>\n<meta name=\"twitter:card\" content=\"summary_large_image\" \/>\n<meta name=\"twitter:label1\" content=\"Estimeret l\u00e6setid\" \/>\n\t<meta name=\"twitter:data1\" content=\"1 minut\" \/>\n<script type=\"application\/ld+json\" class=\"yoast-schema-graph\">{\"@context\":\"https:\/\/schema.org\",\"@graph\":[{\"@type\":\"WebPage\",\"@id\":\"https:\/\/csm-danmark.dk\/ost\/kalender\/\",\"url\":\"https:\/\/csm-danmark.dk\/ost\/kalender\/\",\"name\":\"Kalender - CSM: \u00d8st\",\"isPartOf\":{\"@id\":\"https:\/\/csm-danmark.dk\/ost\/#website\"},\"datePublished\":\"2019-06-12T09:30:18+00:00\",\"dateModified\":\"2021-12-15T14:58:26+00:00\",\"breadcrumb\":{\"@id\":\"https:\/\/csm-danmark.dk\/ost\/kalender\/#breadcrumb\"},\"inLanguage\":\"da-DK\",\"potentialAction\":[{\"@type\":\"ReadAction\",\"target\":[\"https:\/\/csm-danmark.dk\/ost\/kalender\/\"]}]},{\"@type\":\"BreadcrumbList\",\"@id\":\"https:\/\/csm-danmark.dk\/ost\/kalender\/#breadcrumb\",\"itemListElement\":[{\"@type\":\"ListItem\",\"position\":1,\"name\":\"Home\",\"item\":\"https:\/\/csm-danmark.dk\/ost\/\"},{\"@type\":\"ListItem\",\"position\":2,\"name\":\"Kalender\"}]},{\"@type\":\"WebSite\",\"@id\":\"https:\/\/csm-danmark.dk\/ost\/#website\",\"url\":\"https:\/\/csm-danmark.dk\/ost\/\",\"name\":\"CSM: \u00d8st\",\"description\":\"Center for Seksuelt Misbrugte\",\"potentialAction\":[{\"@type\":\"SearchAction\",\"target\":{\"@type\":\"EntryPoint\",\"urlTemplate\":\"https:\/\/csm-danmark.dk\/ost\/?s={search_term_string}\"},\"query-input\":{\"@type\":\"PropertyValueSpecification\",\"valueRequired\":true,\"valueName\":\"search_term_string\"}}],\"inLanguage\":\"da-DK\"}]}<\/script>\n<!-- \/ Yoast SEO plugin. -->","yoast_head_json":{"title":"Kalender - CSM: \u00d8st","robots":{"index":"index","follow":"follow","max-snippet":"max-snippet:-1","max-image-preview":"max-image-preview:large","max-video-preview":"max-video-preview:-1"},"canonical":"https:\/\/csm-danmark.dk\/ost\/kalender\/","og_locale":"da_DK","og_type":"article","og_title":"Kalender - CSM: \u00d8st","og_description":"Er du voksen, og har du senf\u00f8lger efter seksuelle overgreb i barndommen, har du mulighed for at deltage i de aftenaktiviteter, vi tilbyder hos CSM \u00d8st. Her kan du m\u00f8des med andre i samme situation og have det rart i trygge omgivelser. Det er ikke et krav, at du er i behandling hos CSM \u00d8st [&hellip;]","og_url":"https:\/\/csm-danmark.dk\/ost\/kalender\/","og_site_name":"CSM: \u00d8st","article_modified_time":"2021-12-15T14:58:26+00:00","twitter_card":"summary_large_image","twitter_misc":{"Estimeret l\u00e6setid":"1 minut"},"schema":{"@context":"https:\/\/schema.org","@graph":[{"@type":"WebPage","@id":"https:\/\/csm-danmark.dk\/ost\/kalender\/","url":"https:\/\/csm-danmark.dk\/ost\/kalender\/","name":"Kalender - CSM: \u00d8st","isPartOf":{"@id":"https:\/\/csm-danmark.dk\/ost\/#website"},"datePublished":"2019-06-12T09:30:18+00:00","dateModified":"2021-12-15T14:58:26+00:00","breadcrumb":{"@id":"https:\/\/csm-danmark.dk\/ost\/kalender\/#breadcrumb"},"inLanguage":"da-DK","potentialAction":[{"@type":"ReadAction","target":["https:\/\/csm-danmark.dk\/ost\/kalender\/"]}]},{"@type":"BreadcrumbList","@id":"https:\/\/csm-danmark.dk\/ost\/kalender\/#breadcrumb","itemListElement":[{"@type":"ListItem","position":1,"name":"Home","item":"https:\/\/csm-danmark.dk\/ost\/"},{"@type":"ListItem","position":2,"name":"Kalender"}]},{"@type":"WebSite","@id":"https:\/\/csm-danmark.dk\/ost\/#website","url":"https:\/\/csm-danmark.dk\/ost\/","name":"CSM: \u00d8st","description":"Center for Seksuelt Misbrugte","potentialAction":[{"@type":"SearchAction","target":{"@type":"EntryPoint","urlTemplate":"https:\/\/csm-danmark.dk\/ost\/?s={search_term_string}"},"query-input":{"@type":"PropertyValueSpecification","valueRequired":true,"valueName":"search_term_string"}}],"inLanguage":"da-DK"}]}},"_links":{"self":[{"href":"https:\/\/csm-danmark.dk\/ost\/wp-json\/wp\/v2\/pages\/2321","targetHints":{"allow":["GET"]}}],"collection":[{"href":"https:\/\/csm-danmark.dk\/ost\/wp-json\/wp\/v2\/pages"}],"about":[{"href":"https:\/\/csm-danmark.dk\/ost\/wp-json\/wp\/v2\/types\/page"}],"author":[{"embeddable":true,"href":"https:\/\/csm-danmark.dk\/ost\/wp-json\/wp\/v2\/users\/3"}],"replies":[{"embeddable":true,"href":"https:\/\/csm-danmark.dk\/ost\/wp-json\/wp\/v2\/comments?post=2321"}],"version-history":[{"count":22,"href":"https:\/\/csm-danmark.dk\/ost\/wp-json\/wp\/v2\/pages\/2321\/revisions"}],"predecessor-version":[{"id":3853,"href":"https:\/\/csm-danmark.dk\/ost\/wp-json\/wp\/v2\/pages\/2321\/revisions\/3853"}],"wp:attachment":[{"href":"https:\/\/csm-danmark.dk\/ost\/wp-json\/wp\/v2\/media?parent=2321"}],"curies":[{"name":"wp","href":"https:\/\/api.w.org\/{rel}","templated":true}]}}