{"id":1551,"date":"2018-08-24T20:25:04","date_gmt":"2018-08-24T20:25:04","guid":{"rendered":"http:\/\/csm-danmark.dk.dedi5085.your-server.de\/ost\/?page_id=1551"},"modified":"2026-01-22T09:54:28","modified_gmt":"2026-01-22T08:54:28","slug":"bestyrelsens-arsberetning","status":"publish","type":"page","link":"https:\/\/csm-danmark.dk\/ost\/om-csm-ost\/bestyrelsens-arsberetning\/","title":{"rendered":"\u00c5rsrapport"},"content":{"rendered":"<p><span style=\"color: #333399;\"><a style=\"color: #333399;\" href=\"https:\/\/csm-danmark.dk\/wp-content\/uploads\/2026\/01\/2024_Aarsrapport.pdf\" target=\"_blank\" rel=\"noopener\"><strong>\u00c5rsrapport 2024<\/strong><\/a><\/span><\/p>\n<p><span style=\"color: #333399;\"><strong><a style=\"color: #333399;\" href=\"https:\/\/csm-danmark.dk\/wp-content\/uploads\/2026\/01\/2024_Revisionsprotokollat_Center_for_Seksuelt_Misbrugte_CSM_OeST.pdf\" target=\"_blank\" rel=\"noopener\">Revisionsprotokollat 2024<\/a><\/strong><\/span><\/p>\n\n","protected":false},"excerpt":{"rendered":"<p>\u00c5rsrapport 2024 Revisionsprotokollat 2024<\/p>\n","protected":false},"author":12,"featured_media":0,"parent":980,"menu_order":0,"comment_status":"closed","ping_status":"closed","template":"","meta":{"_acf_changed":false,"footnotes":""},"class_list":["post-1551","page","type-page","status-publish","hentry"],"acf":[],"yoast_head":"<!-- This site is optimized with the Yoast SEO plugin v26.6 - https:\/\/yoast.com\/wordpress\/plugins\/seo\/ -->\n<title>\u00c5rsrapport - CSM: \u00d8st<\/title>\n<meta name=\"robots\" content=\"index, follow, max-snippet:-1, max-image-preview:large, max-video-preview:-1\" \/>\n<link rel=\"canonical\" href=\"https:\/\/csm-danmark.dk\/ost\/om-csm-ost\/bestyrelsens-arsberetning\/\" \/>\n<meta property=\"og:locale\" content=\"da_DK\" \/>\n<meta property=\"og:type\" content=\"article\" \/>\n<meta property=\"og:title\" content=\"\u00c5rsrapport - CSM: \u00d8st\" \/>\n<meta property=\"og:description\" content=\"\u00c5rsrapport 2024 Revisionsprotokollat 2024\" \/>\n<meta property=\"og:url\" content=\"https:\/\/csm-danmark.dk\/ost\/om-csm-ost\/bestyrelsens-arsberetning\/\" \/>\n<meta property=\"og:site_name\" content=\"CSM: \u00d8st\" \/>\n<meta property=\"article:modified_time\" content=\"2026-01-22T08:54:28+00:00\" \/>\n<meta name=\"twitter:card\" content=\"summary_large_image\" \/>\n<meta name=\"twitter:label1\" content=\"Estimeret l\u00e6setid\" \/>\n\t<meta name=\"twitter:data1\" content=\"1 minut\" \/>\n<script type=\"application\/ld+json\" class=\"yoast-schema-graph\">{\"@context\":\"https:\/\/schema.org\",\"@graph\":[{\"@type\":\"WebPage\",\"@id\":\"https:\/\/csm-danmark.dk\/ost\/om-csm-ost\/bestyrelsens-arsberetning\/\",\"url\":\"https:\/\/csm-danmark.dk\/ost\/om-csm-ost\/bestyrelsens-arsberetning\/\",\"name\":\"\u00c5rsrapport - CSM: \u00d8st\",\"isPartOf\":{\"@id\":\"https:\/\/csm-danmark.dk\/ost\/#website\"},\"datePublished\":\"2018-08-24T20:25:04+00:00\",\"dateModified\":\"2026-01-22T08:54:28+00:00\",\"breadcrumb\":{\"@id\":\"https:\/\/csm-danmark.dk\/ost\/om-csm-ost\/bestyrelsens-arsberetning\/#breadcrumb\"},\"inLanguage\":\"da-DK\",\"potentialAction\":[{\"@type\":\"ReadAction\",\"target\":[\"https:\/\/csm-danmark.dk\/ost\/om-csm-ost\/bestyrelsens-arsberetning\/\"]}]},{\"@type\":\"BreadcrumbList\",\"@id\":\"https:\/\/csm-danmark.dk\/ost\/om-csm-ost\/bestyrelsens-arsberetning\/#breadcrumb\",\"itemListElement\":[{\"@type\":\"ListItem\",\"position\":1,\"name\":\"Home\",\"item\":\"https:\/\/csm-danmark.dk\/ost\/\"},{\"@type\":\"ListItem\",\"position\":2,\"name\":\"Om CSM \u00d8st\",\"item\":\"https:\/\/csm-danmark.dk\/ost\/om-csm-ost\/\"},{\"@type\":\"ListItem\",\"position\":3,\"name\":\"\u00c5rsrapport\"}]},{\"@type\":\"WebSite\",\"@id\":\"https:\/\/csm-danmark.dk\/ost\/#website\",\"url\":\"https:\/\/csm-danmark.dk\/ost\/\",\"name\":\"CSM: \u00d8st\",\"description\":\"Center for Seksuelt Misbrugte\",\"potentialAction\":[{\"@type\":\"SearchAction\",\"target\":{\"@type\":\"EntryPoint\",\"urlTemplate\":\"https:\/\/csm-danmark.dk\/ost\/?s={search_term_string}\"},\"query-input\":{\"@type\":\"PropertyValueSpecification\",\"valueRequired\":true,\"valueName\":\"search_term_string\"}}],\"inLanguage\":\"da-DK\"}]}<\/script>\n<!-- \/ Yoast SEO plugin. -->","yoast_head_json":{"title":"\u00c5rsrapport - CSM: \u00d8st","robots":{"index":"index","follow":"follow","max-snippet":"max-snippet:-1","max-image-preview":"max-image-preview:large","max-video-preview":"max-video-preview:-1"},"canonical":"https:\/\/csm-danmark.dk\/ost\/om-csm-ost\/bestyrelsens-arsberetning\/","og_locale":"da_DK","og_type":"article","og_title":"\u00c5rsrapport - CSM: \u00d8st","og_description":"\u00c5rsrapport 2024 Revisionsprotokollat 2024","og_url":"https:\/\/csm-danmark.dk\/ost\/om-csm-ost\/bestyrelsens-arsberetning\/","og_site_name":"CSM: \u00d8st","article_modified_time":"2026-01-22T08:54:28+00:00","twitter_card":"summary_large_image","twitter_misc":{"Estimeret l\u00e6setid":"1 minut"},"schema":{"@context":"https:\/\/schema.org","@graph":[{"@type":"WebPage","@id":"https:\/\/csm-danmark.dk\/ost\/om-csm-ost\/bestyrelsens-arsberetning\/","url":"https:\/\/csm-danmark.dk\/ost\/om-csm-ost\/bestyrelsens-arsberetning\/","name":"\u00c5rsrapport - CSM: \u00d8st","isPartOf":{"@id":"https:\/\/csm-danmark.dk\/ost\/#website"},"datePublished":"2018-08-24T20:25:04+00:00","dateModified":"2026-01-22T08:54:28+00:00","breadcrumb":{"@id":"https:\/\/csm-danmark.dk\/ost\/om-csm-ost\/bestyrelsens-arsberetning\/#breadcrumb"},"inLanguage":"da-DK","potentialAction":[{"@type":"ReadAction","target":["https:\/\/csm-danmark.dk\/ost\/om-csm-ost\/bestyrelsens-arsberetning\/"]}]},{"@type":"BreadcrumbList","@id":"https:\/\/csm-danmark.dk\/ost\/om-csm-ost\/bestyrelsens-arsberetning\/#breadcrumb","itemListElement":[{"@type":"ListItem","position":1,"name":"Home","item":"https:\/\/csm-danmark.dk\/ost\/"},{"@type":"ListItem","position":2,"name":"Om CSM \u00d8st","item":"https:\/\/csm-danmark.dk\/ost\/om-csm-ost\/"},{"@type":"ListItem","position":3,"name":"\u00c5rsrapport"}]},{"@type":"WebSite","@id":"https:\/\/csm-danmark.dk\/ost\/#website","url":"https:\/\/csm-danmark.dk\/ost\/","name":"CSM: \u00d8st","description":"Center for Seksuelt Misbrugte","potentialAction":[{"@type":"SearchAction","target":{"@type":"EntryPoint","urlTemplate":"https:\/\/csm-danmark.dk\/ost\/?s={search_term_string}"},"query-input":{"@type":"PropertyValueSpecification","valueRequired":true,"valueName":"search_term_string"}}],"inLanguage":"da-DK"}]}},"_links":{"self":[{"href":"https:\/\/csm-danmark.dk\/ost\/wp-json\/wp\/v2\/pages\/1551","targetHints":{"allow":["GET"]}}],"collection":[{"href":"https:\/\/csm-danmark.dk\/ost\/wp-json\/wp\/v2\/pages"}],"about":[{"href":"https:\/\/csm-danmark.dk\/ost\/wp-json\/wp\/v2\/types\/page"}],"author":[{"embeddable":true,"href":"https:\/\/csm-danmark.dk\/ost\/wp-json\/wp\/v2\/users\/12"}],"replies":[{"embeddable":true,"href":"https:\/\/csm-danmark.dk\/ost\/wp-json\/wp\/v2\/comments?post=1551"}],"version-history":[{"count":30,"href":"https:\/\/csm-danmark.dk\/ost\/wp-json\/wp\/v2\/pages\/1551\/revisions"}],"predecessor-version":[{"id":5846,"href":"https:\/\/csm-danmark.dk\/ost\/wp-json\/wp\/v2\/pages\/1551\/revisions\/5846"}],"up":[{"embeddable":true,"href":"https:\/\/csm-danmark.dk\/ost\/wp-json\/wp\/v2\/pages\/980"}],"wp:attachment":[{"href":"https:\/\/csm-danmark.dk\/ost\/wp-json\/wp\/v2\/media?parent=1551"}],"curies":[{"name":"wp","href":"https:\/\/api.w.org\/{rel}","templated":true}]}}