{"id":3087,"date":"2020-11-25T10:42:25","date_gmt":"2020-11-25T10:42:25","guid":{"rendered":"https:\/\/csm-danmark.dk\/midt-nord\/?page_id=3087"},"modified":"2025-05-15T12:05:04","modified_gmt":"2025-05-15T12:05:04","slug":"aarsrapport-2020","status":"publish","type":"page","link":"https:\/\/csm-danmark.dk\/midt-nord\/aarsrapport-2020\/","title":{"rendered":"\u00c5rsrapport 2024"},"content":{"rendered":"\n<h5><a href=\"https:\/\/csm-danmark.dk\/midt-nord\/wp-content\/uploads\/sites\/2\/2025\/05\/Afrapportering-Maalplan-2024-CSM-Midt-Nord-godkendt-af-bestyrelsen.pdf\"><strong>Se CSM Midt Nords \u00e5rsrapport af m\u00e5lplanen for 2024<\/strong><\/a><\/h5>\n<p>\u00a0<\/p>\n<h5><a href=\"https:\/\/csm-danmark.dk\/midt-nord\/wp-content\/uploads\/sites\/2\/2025\/05\/CSM_Midt_Nord_Aarsrapport_2024.pdf\"><strong>Se CSM Midt Nords \u00e5rsregnskab 2024<\/strong><\/a><\/h5>\n<p>\u00a0<\/p>\n<h5><a href=\"https:\/\/csm-danmark.dk\/midt-nord\/wp-content\/uploads\/sites\/2\/2022\/06\/Indsamlingsnaevnet-aar-2021_Regnskab-vedr.-sagsnr.-20-700-03084.pdf\"><strong>Se CSM Midt Nords regnskab til Indsamlingsn\u00e6vnet<\/strong><\/a><\/h5>\n","protected":false},"excerpt":{"rendered":"<p>Se CSM Midt Nords \u00e5rsrapport af m\u00e5lplanen for 2024 \u00a0 Se CSM Midt Nords \u00e5rsregnskab 2024 \u00a0 Se CSM Midt Nords regnskab til Indsamlingsn\u00e6vnet<\/p>\n","protected":false},"author":22,"featured_media":0,"parent":0,"menu_order":0,"comment_status":"closed","ping_status":"closed","template":"","meta":{"_acf_changed":false,"footnotes":""},"class_list":["post-3087","page","type-page","status-publish","hentry"],"acf":[],"yoast_head":"<!-- This site is optimized with the Yoast SEO plugin v26.6 - https:\/\/yoast.com\/wordpress\/plugins\/seo\/ -->\n<title>\u00c5rsrapport 2024 - CSM: Midt Nord<\/title>\n<meta name=\"robots\" content=\"index, follow, max-snippet:-1, max-image-preview:large, max-video-preview:-1\" \/>\n<link rel=\"canonical\" href=\"https:\/\/csm-danmark.dk\/midt-nord\/aarsrapport-2020\/\" \/>\n<meta property=\"og:locale\" content=\"da_DK\" \/>\n<meta property=\"og:type\" content=\"article\" \/>\n<meta property=\"og:title\" content=\"\u00c5rsrapport 2024 - CSM: Midt Nord\" \/>\n<meta property=\"og:description\" content=\"Se CSM Midt Nords \u00e5rsrapport af m\u00e5lplanen for 2024 \u00a0 Se CSM Midt Nords \u00e5rsregnskab 2024 \u00a0 Se CSM Midt Nords regnskab til Indsamlingsn\u00e6vnet\" \/>\n<meta property=\"og:url\" content=\"https:\/\/csm-danmark.dk\/midt-nord\/aarsrapport-2020\/\" \/>\n<meta property=\"og:site_name\" content=\"CSM: Midt Nord\" \/>\n<meta property=\"article:modified_time\" content=\"2025-05-15T12:05:04+00:00\" \/>\n<meta name=\"twitter:card\" content=\"summary_large_image\" \/>\n<meta name=\"twitter:label1\" content=\"Estimeret l\u00e6setid\" \/>\n\t<meta name=\"twitter:data1\" content=\"1 minut\" \/>\n<script type=\"application\/ld+json\" class=\"yoast-schema-graph\">{\"@context\":\"https:\/\/schema.org\",\"@graph\":[{\"@type\":\"WebPage\",\"@id\":\"https:\/\/csm-danmark.dk\/midt-nord\/aarsrapport-2020\/\",\"url\":\"https:\/\/csm-danmark.dk\/midt-nord\/aarsrapport-2020\/\",\"name\":\"\u00c5rsrapport 2024 - CSM: Midt Nord\",\"isPartOf\":{\"@id\":\"https:\/\/csm-danmark.dk\/midt-nord\/#website\"},\"datePublished\":\"2020-11-25T10:42:25+00:00\",\"dateModified\":\"2025-05-15T12:05:04+00:00\",\"breadcrumb\":{\"@id\":\"https:\/\/csm-danmark.dk\/midt-nord\/aarsrapport-2020\/#breadcrumb\"},\"inLanguage\":\"da-DK\",\"potentialAction\":[{\"@type\":\"ReadAction\",\"target\":[\"https:\/\/csm-danmark.dk\/midt-nord\/aarsrapport-2020\/\"]}]},{\"@type\":\"BreadcrumbList\",\"@id\":\"https:\/\/csm-danmark.dk\/midt-nord\/aarsrapport-2020\/#breadcrumb\",\"itemListElement\":[{\"@type\":\"ListItem\",\"position\":1,\"name\":\"Home\",\"item\":\"https:\/\/csm-danmark.dk\/midt-nord\/\"},{\"@type\":\"ListItem\",\"position\":2,\"name\":\"\u00c5rsrapport 2024\"}]},{\"@type\":\"WebSite\",\"@id\":\"https:\/\/csm-danmark.dk\/midt-nord\/#website\",\"url\":\"https:\/\/csm-danmark.dk\/midt-nord\/\",\"name\":\"CSM: Midt Nord\",\"description\":\"Center for Seksuelt Misbrugte\",\"potentialAction\":[{\"@type\":\"SearchAction\",\"target\":{\"@type\":\"EntryPoint\",\"urlTemplate\":\"https:\/\/csm-danmark.dk\/midt-nord\/?s={search_term_string}\"},\"query-input\":{\"@type\":\"PropertyValueSpecification\",\"valueRequired\":true,\"valueName\":\"search_term_string\"}}],\"inLanguage\":\"da-DK\"}]}<\/script>\n<!-- \/ Yoast SEO plugin. -->","yoast_head_json":{"title":"\u00c5rsrapport 2024 - CSM: Midt Nord","robots":{"index":"index","follow":"follow","max-snippet":"max-snippet:-1","max-image-preview":"max-image-preview:large","max-video-preview":"max-video-preview:-1"},"canonical":"https:\/\/csm-danmark.dk\/midt-nord\/aarsrapport-2020\/","og_locale":"da_DK","og_type":"article","og_title":"\u00c5rsrapport 2024 - CSM: Midt Nord","og_description":"Se CSM Midt Nords \u00e5rsrapport af m\u00e5lplanen for 2024 \u00a0 Se CSM Midt Nords \u00e5rsregnskab 2024 \u00a0 Se CSM Midt Nords regnskab til Indsamlingsn\u00e6vnet","og_url":"https:\/\/csm-danmark.dk\/midt-nord\/aarsrapport-2020\/","og_site_name":"CSM: Midt Nord","article_modified_time":"2025-05-15T12:05:04+00:00","twitter_card":"summary_large_image","twitter_misc":{"Estimeret l\u00e6setid":"1 minut"},"schema":{"@context":"https:\/\/schema.org","@graph":[{"@type":"WebPage","@id":"https:\/\/csm-danmark.dk\/midt-nord\/aarsrapport-2020\/","url":"https:\/\/csm-danmark.dk\/midt-nord\/aarsrapport-2020\/","name":"\u00c5rsrapport 2024 - CSM: Midt Nord","isPartOf":{"@id":"https:\/\/csm-danmark.dk\/midt-nord\/#website"},"datePublished":"2020-11-25T10:42:25+00:00","dateModified":"2025-05-15T12:05:04+00:00","breadcrumb":{"@id":"https:\/\/csm-danmark.dk\/midt-nord\/aarsrapport-2020\/#breadcrumb"},"inLanguage":"da-DK","potentialAction":[{"@type":"ReadAction","target":["https:\/\/csm-danmark.dk\/midt-nord\/aarsrapport-2020\/"]}]},{"@type":"BreadcrumbList","@id":"https:\/\/csm-danmark.dk\/midt-nord\/aarsrapport-2020\/#breadcrumb","itemListElement":[{"@type":"ListItem","position":1,"name":"Home","item":"https:\/\/csm-danmark.dk\/midt-nord\/"},{"@type":"ListItem","position":2,"name":"\u00c5rsrapport 2024"}]},{"@type":"WebSite","@id":"https:\/\/csm-danmark.dk\/midt-nord\/#website","url":"https:\/\/csm-danmark.dk\/midt-nord\/","name":"CSM: Midt Nord","description":"Center for Seksuelt Misbrugte","potentialAction":[{"@type":"SearchAction","target":{"@type":"EntryPoint","urlTemplate":"https:\/\/csm-danmark.dk\/midt-nord\/?s={search_term_string}"},"query-input":{"@type":"PropertyValueSpecification","valueRequired":true,"valueName":"search_term_string"}}],"inLanguage":"da-DK"}]}},"_links":{"self":[{"href":"https:\/\/csm-danmark.dk\/midt-nord\/wp-json\/wp\/v2\/pages\/3087","targetHints":{"allow":["GET"]}}],"collection":[{"href":"https:\/\/csm-danmark.dk\/midt-nord\/wp-json\/wp\/v2\/pages"}],"about":[{"href":"https:\/\/csm-danmark.dk\/midt-nord\/wp-json\/wp\/v2\/types\/page"}],"author":[{"embeddable":true,"href":"https:\/\/csm-danmark.dk\/midt-nord\/wp-json\/wp\/v2\/users\/22"}],"replies":[{"embeddable":true,"href":"https:\/\/csm-danmark.dk\/midt-nord\/wp-json\/wp\/v2\/comments?post=3087"}],"version-history":[{"count":19,"href":"https:\/\/csm-danmark.dk\/midt-nord\/wp-json\/wp\/v2\/pages\/3087\/revisions"}],"predecessor-version":[{"id":4308,"href":"https:\/\/csm-danmark.dk\/midt-nord\/wp-json\/wp\/v2\/pages\/3087\/revisions\/4308"}],"wp:attachment":[{"href":"https:\/\/csm-danmark.dk\/midt-nord\/wp-json\/wp\/v2\/media?parent=3087"}],"curies":[{"name":"wp","href":"https:\/\/api.w.org\/{rel}","templated":true}]}}