{"id":2064,"date":"2018-10-12T08:39:14","date_gmt":"2018-10-12T08:39:14","guid":{"rendered":"http:\/\/csm-danmark.dk\/midt-nord\/?page_id=2064"},"modified":"2025-01-14T08:59:50","modified_gmt":"2025-01-14T08:59:50","slug":"kreativt-vaerksted","status":"publish","type":"page","link":"https:\/\/csm-danmark.dk\/midt-nord\/kreativt-vaerksted\/","title":{"rendered":"Kreativt v\u00e6rksted"},"content":{"rendered":"\n<h3>For dig der vil udfolde dig kreativt &#8211; Hver tirsdag kl. 10-14<\/h3>\n\n\n\n<p><\/p>\n\n\n<p><strong>Lidt om det kreative v\u00e6rksted<\/strong><br \/>At fordybe sig og bruge h\u00e6nderne til, hvad man kunne have lyst til.<br \/>Det fremmer ro, flow og positive emotioner. Vi producerer mere dopamin, n\u00e5r aktiviteten med<br \/>h\u00e6nderne tager over og dermed mindre plads til negative grublerier.<br \/>Der er ikke krav om noget flot og f\u00e6rdigt. Vi har fokus p\u00e5 processen mere end resultatet.<br \/>Der vil v\u00e6re forskellige muligheder, som at klippe\/ klistre, tegne, male, lave smykker, eget<br \/>strikke\/h\u00e6klet\u00f8j og meget mere. Vi er ogs\u00e5 \u00e5bne for dine kreative ideer.<\/p>\n<p><strong>Hvem kan benytte det kreative v\u00e6rksted?<\/strong><br \/>V\u00e6rkstedet er for alle brugere i CSM, uanset om du har mange \u00e5rs erfaring inden for det kreative<br \/>omr\u00e5de, eller du har en ny og spirende interesse for det. Det kan ogs\u00e5 v\u00e6re, at du blot er nysgerrig<br \/>p\u00e5 omr\u00e5det og gerne vil unders\u00f8ge, om det kunne v\u00e6re noget for dig.<br \/>Du arbejder individuelt p\u00e5 dit eget niveau og med det som giver mening for dig. De kreative<br \/>undervisere vil st\u00f8tte dig i din proces og interesser.<\/p>\n<p><strong>Lidt om Alice Bremerstent og Tine Dannerfjord<\/strong><br \/>\u2013 der st\u00e5r for Det Kreative V\u00e6rksted<br \/>Det er vores to kreative ildsj\u00e6le Alice og Tine, der st\u00e5r for det kreative v\u00e6rksted.<br \/>De har begge mange \u00e5rs erfaring og interesse indenfor kunst, h\u00e5ndarbejde, kultur og kreative<br \/>udfoldelser.<\/p>\n<p><strong>Hvorn\u00e5r og hvordan?<\/strong><br \/>Det kreative v\u00e6rksted er \u00e5ben for ALLE interesserede hver tirsdag kl. 10-14.<br \/>Du er velkommen i enten hele eller dele af \u00e5bningstiden.<\/p>\n<p><strong>Hvor?<\/strong><br \/>CSM Midt Nord &#8211; Frivilligsektionen<br \/>Thomas Koppelsgade 30, 2.sal, 8000 Aarhus C.<\/p>\n<p><strong>Hvordan kommer jeg med?<\/strong><br \/>Er du interesseret i det kreative v\u00e6rksted, skal du kontakte:<br \/>Tine Dannerfjord p\u00e5 tlf. 21751550 eller p\u00e5 mail: tda@csm-midtnord.dk<br \/>Du er ogs\u00e5 altid velkommen til at sp\u00f8rge en frivillig eller ansat i caf\u00e9en, som vil guide dig videre.<\/p>","protected":false},"excerpt":{"rendered":"<p>For dig der vil udfolde dig kreativt &#8211; Hver tirsdag kl. 10-14 Lidt om det kreative v\u00e6rkstedAt fordybe sig og bruge h\u00e6nderne til, hvad man kunne have lyst til.Det fremmer ro, flow og positive emotioner. Vi producerer mere dopamin, n\u00e5r aktiviteten medh\u00e6nderne tager over og dermed mindre plads til negative grublerier.Der er ikke krav om [&hellip;]<\/p>\n","protected":false},"author":13,"featured_media":0,"parent":0,"menu_order":0,"comment_status":"closed","ping_status":"closed","template":"","meta":{"_acf_changed":false,"footnotes":""},"class_list":["post-2064","page","type-page","status-publish","hentry"],"acf":[],"yoast_head":"<!-- This site is optimized with the Yoast SEO plugin v26.6 - https:\/\/yoast.com\/wordpress\/plugins\/seo\/ -->\n<title>Kreativt v\u00e6rksted - CSM: Midt Nord<\/title>\n<meta name=\"robots\" content=\"index, follow, max-snippet:-1, max-image-preview:large, max-video-preview:-1\" \/>\n<link rel=\"canonical\" href=\"https:\/\/csm-danmark.dk\/midt-nord\/kreativt-vaerksted\/\" \/>\n<meta property=\"og:locale\" content=\"da_DK\" \/>\n<meta property=\"og:type\" content=\"article\" \/>\n<meta property=\"og:title\" content=\"Kreativt v\u00e6rksted - CSM: Midt Nord\" \/>\n<meta property=\"og:description\" content=\"For dig der vil udfolde dig kreativt &#8211; Hver tirsdag kl. 10-14 Lidt om det kreative v\u00e6rkstedAt fordybe sig og bruge h\u00e6nderne til, hvad man kunne have lyst til.Det fremmer ro, flow og positive emotioner. Vi producerer mere dopamin, n\u00e5r aktiviteten medh\u00e6nderne tager over og dermed mindre plads til negative grublerier.Der er ikke krav om [&hellip;]\" \/>\n<meta property=\"og:url\" content=\"https:\/\/csm-danmark.dk\/midt-nord\/kreativt-vaerksted\/\" \/>\n<meta property=\"og:site_name\" content=\"CSM: Midt Nord\" \/>\n<meta property=\"article:modified_time\" content=\"2025-01-14T08:59:50+00:00\" \/>\n<meta name=\"twitter:card\" content=\"summary_large_image\" \/>\n<meta name=\"twitter:label1\" content=\"Estimeret l\u00e6setid\" \/>\n\t<meta name=\"twitter:data1\" content=\"2 minutter\" \/>\n<script type=\"application\/ld+json\" class=\"yoast-schema-graph\">{\"@context\":\"https:\/\/schema.org\",\"@graph\":[{\"@type\":\"WebPage\",\"@id\":\"https:\/\/csm-danmark.dk\/midt-nord\/kreativt-vaerksted\/\",\"url\":\"https:\/\/csm-danmark.dk\/midt-nord\/kreativt-vaerksted\/\",\"name\":\"Kreativt v\u00e6rksted - CSM: Midt Nord\",\"isPartOf\":{\"@id\":\"https:\/\/csm-danmark.dk\/midt-nord\/#website\"},\"datePublished\":\"2018-10-12T08:39:14+00:00\",\"dateModified\":\"2025-01-14T08:59:50+00:00\",\"breadcrumb\":{\"@id\":\"https:\/\/csm-danmark.dk\/midt-nord\/kreativt-vaerksted\/#breadcrumb\"},\"inLanguage\":\"da-DK\",\"potentialAction\":[{\"@type\":\"ReadAction\",\"target\":[\"https:\/\/csm-danmark.dk\/midt-nord\/kreativt-vaerksted\/\"]}]},{\"@type\":\"BreadcrumbList\",\"@id\":\"https:\/\/csm-danmark.dk\/midt-nord\/kreativt-vaerksted\/#breadcrumb\",\"itemListElement\":[{\"@type\":\"ListItem\",\"position\":1,\"name\":\"Home\",\"item\":\"https:\/\/csm-danmark.dk\/midt-nord\/\"},{\"@type\":\"ListItem\",\"position\":2,\"name\":\"Kreativt v\u00e6rksted\"}]},{\"@type\":\"WebSite\",\"@id\":\"https:\/\/csm-danmark.dk\/midt-nord\/#website\",\"url\":\"https:\/\/csm-danmark.dk\/midt-nord\/\",\"name\":\"CSM: Midt Nord\",\"description\":\"Center for Seksuelt Misbrugte\",\"potentialAction\":[{\"@type\":\"SearchAction\",\"target\":{\"@type\":\"EntryPoint\",\"urlTemplate\":\"https:\/\/csm-danmark.dk\/midt-nord\/?s={search_term_string}\"},\"query-input\":{\"@type\":\"PropertyValueSpecification\",\"valueRequired\":true,\"valueName\":\"search_term_string\"}}],\"inLanguage\":\"da-DK\"}]}<\/script>\n<!-- \/ Yoast SEO plugin. -->","yoast_head_json":{"title":"Kreativt v\u00e6rksted - CSM: Midt Nord","robots":{"index":"index","follow":"follow","max-snippet":"max-snippet:-1","max-image-preview":"max-image-preview:large","max-video-preview":"max-video-preview:-1"},"canonical":"https:\/\/csm-danmark.dk\/midt-nord\/kreativt-vaerksted\/","og_locale":"da_DK","og_type":"article","og_title":"Kreativt v\u00e6rksted - CSM: Midt Nord","og_description":"For dig der vil udfolde dig kreativt &#8211; Hver tirsdag kl. 10-14 Lidt om det kreative v\u00e6rkstedAt fordybe sig og bruge h\u00e6nderne til, hvad man kunne have lyst til.Det fremmer ro, flow og positive emotioner. Vi producerer mere dopamin, n\u00e5r aktiviteten medh\u00e6nderne tager over og dermed mindre plads til negative grublerier.Der er ikke krav om [&hellip;]","og_url":"https:\/\/csm-danmark.dk\/midt-nord\/kreativt-vaerksted\/","og_site_name":"CSM: Midt Nord","article_modified_time":"2025-01-14T08:59:50+00:00","twitter_card":"summary_large_image","twitter_misc":{"Estimeret l\u00e6setid":"2 minutter"},"schema":{"@context":"https:\/\/schema.org","@graph":[{"@type":"WebPage","@id":"https:\/\/csm-danmark.dk\/midt-nord\/kreativt-vaerksted\/","url":"https:\/\/csm-danmark.dk\/midt-nord\/kreativt-vaerksted\/","name":"Kreativt v\u00e6rksted - CSM: Midt Nord","isPartOf":{"@id":"https:\/\/csm-danmark.dk\/midt-nord\/#website"},"datePublished":"2018-10-12T08:39:14+00:00","dateModified":"2025-01-14T08:59:50+00:00","breadcrumb":{"@id":"https:\/\/csm-danmark.dk\/midt-nord\/kreativt-vaerksted\/#breadcrumb"},"inLanguage":"da-DK","potentialAction":[{"@type":"ReadAction","target":["https:\/\/csm-danmark.dk\/midt-nord\/kreativt-vaerksted\/"]}]},{"@type":"BreadcrumbList","@id":"https:\/\/csm-danmark.dk\/midt-nord\/kreativt-vaerksted\/#breadcrumb","itemListElement":[{"@type":"ListItem","position":1,"name":"Home","item":"https:\/\/csm-danmark.dk\/midt-nord\/"},{"@type":"ListItem","position":2,"name":"Kreativt v\u00e6rksted"}]},{"@type":"WebSite","@id":"https:\/\/csm-danmark.dk\/midt-nord\/#website","url":"https:\/\/csm-danmark.dk\/midt-nord\/","name":"CSM: Midt Nord","description":"Center for Seksuelt Misbrugte","potentialAction":[{"@type":"SearchAction","target":{"@type":"EntryPoint","urlTemplate":"https:\/\/csm-danmark.dk\/midt-nord\/?s={search_term_string}"},"query-input":{"@type":"PropertyValueSpecification","valueRequired":true,"valueName":"search_term_string"}}],"inLanguage":"da-DK"}]}},"_links":{"self":[{"href":"https:\/\/csm-danmark.dk\/midt-nord\/wp-json\/wp\/v2\/pages\/2064","targetHints":{"allow":["GET"]}}],"collection":[{"href":"https:\/\/csm-danmark.dk\/midt-nord\/wp-json\/wp\/v2\/pages"}],"about":[{"href":"https:\/\/csm-danmark.dk\/midt-nord\/wp-json\/wp\/v2\/types\/page"}],"author":[{"embeddable":true,"href":"https:\/\/csm-danmark.dk\/midt-nord\/wp-json\/wp\/v2\/users\/13"}],"replies":[{"embeddable":true,"href":"https:\/\/csm-danmark.dk\/midt-nord\/wp-json\/wp\/v2\/comments?post=2064"}],"version-history":[{"count":12,"href":"https:\/\/csm-danmark.dk\/midt-nord\/wp-json\/wp\/v2\/pages\/2064\/revisions"}],"predecessor-version":[{"id":4234,"href":"https:\/\/csm-danmark.dk\/midt-nord\/wp-json\/wp\/v2\/pages\/2064\/revisions\/4234"}],"wp:attachment":[{"href":"https:\/\/csm-danmark.dk\/midt-nord\/wp-json\/wp\/v2\/media?parent=2064"}],"curies":[{"name":"wp","href":"https:\/\/api.w.org\/{rel}","templated":true}]}}