{"id":1931,"date":"2018-09-13T08:51:18","date_gmt":"2018-09-13T08:51:18","guid":{"rendered":"http:\/\/csm-danmark.dk.dedi5085.your-server.de\/midt-nord\/?page_id=1931"},"modified":"2023-04-11T11:22:46","modified_gmt":"2023-04-11T11:22:46","slug":"vedtaegter","status":"publish","type":"page","link":"https:\/\/csm-danmark.dk\/midt-nord\/om-csm-midt-nord\/bestyrelsen\/vedtaegter\/","title":{"rendered":"Vedt\u00e6gter"},"content":{"rendered":"\n<p><span style=\"color: #3366ff;\"><span style=\"color: #000000;\">C<\/span><span style=\"color: #000000;\">SM Midt Nords g\u00e6ldende vedt\u00e6gter kan l\u00e6ses <\/span><span style=\"color: #000000;\"><a href=\"https:\/\/csm-danmark.dk\/midt-nord\/wp-content\/uploads\/sites\/2\/2023\/04\/Vedtaegter-CSM-Midt-Nord-17.-marts-2022.pdf\">her<\/a><\/span><\/span><\/p>\n<p>\u00a0<\/p>\n<p>\u00a0<\/p>\n","protected":false},"excerpt":{"rendered":"<p>CSM Midt Nords g\u00e6ldende vedt\u00e6gter kan l\u00e6ses her \u00a0 \u00a0<\/p>\n","protected":false},"author":13,"featured_media":0,"parent":1866,"menu_order":0,"comment_status":"closed","ping_status":"closed","template":"","meta":{"_acf_changed":false,"footnotes":""},"class_list":["post-1931","page","type-page","status-publish","hentry"],"acf":[],"yoast_head":"<!-- This site is optimized with the Yoast SEO plugin v26.6 - https:\/\/yoast.com\/wordpress\/plugins\/seo\/ -->\n<title>Vedt\u00e6gter - CSM: Midt Nord<\/title>\n<meta name=\"robots\" content=\"index, follow, max-snippet:-1, max-image-preview:large, max-video-preview:-1\" \/>\n<link rel=\"canonical\" href=\"https:\/\/csm-danmark.dk\/midt-nord\/om-csm-midt-nord\/bestyrelsen\/vedtaegter\/\" \/>\n<meta property=\"og:locale\" content=\"da_DK\" \/>\n<meta property=\"og:type\" content=\"article\" \/>\n<meta property=\"og:title\" content=\"Vedt\u00e6gter - CSM: Midt Nord\" \/>\n<meta property=\"og:description\" content=\"CSM Midt Nords g\u00e6ldende vedt\u00e6gter kan l\u00e6ses her \u00a0 \u00a0\" \/>\n<meta property=\"og:url\" content=\"https:\/\/csm-danmark.dk\/midt-nord\/om-csm-midt-nord\/bestyrelsen\/vedtaegter\/\" \/>\n<meta property=\"og:site_name\" content=\"CSM: Midt Nord\" \/>\n<meta property=\"article:modified_time\" content=\"2023-04-11T11:22:46+00:00\" \/>\n<meta name=\"twitter:card\" content=\"summary_large_image\" \/>\n<meta name=\"twitter:label1\" content=\"Estimeret l\u00e6setid\" \/>\n\t<meta name=\"twitter:data1\" content=\"1 minut\" \/>\n<script type=\"application\/ld+json\" class=\"yoast-schema-graph\">{\"@context\":\"https:\/\/schema.org\",\"@graph\":[{\"@type\":\"WebPage\",\"@id\":\"https:\/\/csm-danmark.dk\/midt-nord\/om-csm-midt-nord\/bestyrelsen\/vedtaegter\/\",\"url\":\"https:\/\/csm-danmark.dk\/midt-nord\/om-csm-midt-nord\/bestyrelsen\/vedtaegter\/\",\"name\":\"Vedt\u00e6gter - CSM: Midt Nord\",\"isPartOf\":{\"@id\":\"https:\/\/csm-danmark.dk\/midt-nord\/#website\"},\"datePublished\":\"2018-09-13T08:51:18+00:00\",\"dateModified\":\"2023-04-11T11:22:46+00:00\",\"breadcrumb\":{\"@id\":\"https:\/\/csm-danmark.dk\/midt-nord\/om-csm-midt-nord\/bestyrelsen\/vedtaegter\/#breadcrumb\"},\"inLanguage\":\"da-DK\",\"potentialAction\":[{\"@type\":\"ReadAction\",\"target\":[\"https:\/\/csm-danmark.dk\/midt-nord\/om-csm-midt-nord\/bestyrelsen\/vedtaegter\/\"]}]},{\"@type\":\"BreadcrumbList\",\"@id\":\"https:\/\/csm-danmark.dk\/midt-nord\/om-csm-midt-nord\/bestyrelsen\/vedtaegter\/#breadcrumb\",\"itemListElement\":[{\"@type\":\"ListItem\",\"position\":1,\"name\":\"Home\",\"item\":\"https:\/\/csm-danmark.dk\/midt-nord\/\"},{\"@type\":\"ListItem\",\"position\":2,\"name\":\"CSM Midt Nord\",\"item\":\"https:\/\/csm-danmark.dk\/midt-nord\/om-csm-midt-nord\/\"},{\"@type\":\"ListItem\",\"position\":3,\"name\":\"Bestyrelsen\",\"item\":\"https:\/\/csm-danmark.dk\/midt-nord\/om-csm-midt-nord\/bestyrelsen\/\"},{\"@type\":\"ListItem\",\"position\":4,\"name\":\"Vedt\u00e6gter\"}]},{\"@type\":\"WebSite\",\"@id\":\"https:\/\/csm-danmark.dk\/midt-nord\/#website\",\"url\":\"https:\/\/csm-danmark.dk\/midt-nord\/\",\"name\":\"CSM: Midt Nord\",\"description\":\"Center for Seksuelt Misbrugte\",\"potentialAction\":[{\"@type\":\"SearchAction\",\"target\":{\"@type\":\"EntryPoint\",\"urlTemplate\":\"https:\/\/csm-danmark.dk\/midt-nord\/?s={search_term_string}\"},\"query-input\":{\"@type\":\"PropertyValueSpecification\",\"valueRequired\":true,\"valueName\":\"search_term_string\"}}],\"inLanguage\":\"da-DK\"}]}<\/script>\n<!-- \/ Yoast SEO plugin. -->","yoast_head_json":{"title":"Vedt\u00e6gter - CSM: Midt Nord","robots":{"index":"index","follow":"follow","max-snippet":"max-snippet:-1","max-image-preview":"max-image-preview:large","max-video-preview":"max-video-preview:-1"},"canonical":"https:\/\/csm-danmark.dk\/midt-nord\/om-csm-midt-nord\/bestyrelsen\/vedtaegter\/","og_locale":"da_DK","og_type":"article","og_title":"Vedt\u00e6gter - CSM: Midt Nord","og_description":"CSM Midt Nords g\u00e6ldende vedt\u00e6gter kan l\u00e6ses her \u00a0 \u00a0","og_url":"https:\/\/csm-danmark.dk\/midt-nord\/om-csm-midt-nord\/bestyrelsen\/vedtaegter\/","og_site_name":"CSM: Midt Nord","article_modified_time":"2023-04-11T11:22:46+00:00","twitter_card":"summary_large_image","twitter_misc":{"Estimeret l\u00e6setid":"1 minut"},"schema":{"@context":"https:\/\/schema.org","@graph":[{"@type":"WebPage","@id":"https:\/\/csm-danmark.dk\/midt-nord\/om-csm-midt-nord\/bestyrelsen\/vedtaegter\/","url":"https:\/\/csm-danmark.dk\/midt-nord\/om-csm-midt-nord\/bestyrelsen\/vedtaegter\/","name":"Vedt\u00e6gter - CSM: Midt Nord","isPartOf":{"@id":"https:\/\/csm-danmark.dk\/midt-nord\/#website"},"datePublished":"2018-09-13T08:51:18+00:00","dateModified":"2023-04-11T11:22:46+00:00","breadcrumb":{"@id":"https:\/\/csm-danmark.dk\/midt-nord\/om-csm-midt-nord\/bestyrelsen\/vedtaegter\/#breadcrumb"},"inLanguage":"da-DK","potentialAction":[{"@type":"ReadAction","target":["https:\/\/csm-danmark.dk\/midt-nord\/om-csm-midt-nord\/bestyrelsen\/vedtaegter\/"]}]},{"@type":"BreadcrumbList","@id":"https:\/\/csm-danmark.dk\/midt-nord\/om-csm-midt-nord\/bestyrelsen\/vedtaegter\/#breadcrumb","itemListElement":[{"@type":"ListItem","position":1,"name":"Home","item":"https:\/\/csm-danmark.dk\/midt-nord\/"},{"@type":"ListItem","position":2,"name":"CSM Midt Nord","item":"https:\/\/csm-danmark.dk\/midt-nord\/om-csm-midt-nord\/"},{"@type":"ListItem","position":3,"name":"Bestyrelsen","item":"https:\/\/csm-danmark.dk\/midt-nord\/om-csm-midt-nord\/bestyrelsen\/"},{"@type":"ListItem","position":4,"name":"Vedt\u00e6gter"}]},{"@type":"WebSite","@id":"https:\/\/csm-danmark.dk\/midt-nord\/#website","url":"https:\/\/csm-danmark.dk\/midt-nord\/","name":"CSM: Midt Nord","description":"Center for Seksuelt Misbrugte","potentialAction":[{"@type":"SearchAction","target":{"@type":"EntryPoint","urlTemplate":"https:\/\/csm-danmark.dk\/midt-nord\/?s={search_term_string}"},"query-input":{"@type":"PropertyValueSpecification","valueRequired":true,"valueName":"search_term_string"}}],"inLanguage":"da-DK"}]}},"_links":{"self":[{"href":"https:\/\/csm-danmark.dk\/midt-nord\/wp-json\/wp\/v2\/pages\/1931","targetHints":{"allow":["GET"]}}],"collection":[{"href":"https:\/\/csm-danmark.dk\/midt-nord\/wp-json\/wp\/v2\/pages"}],"about":[{"href":"https:\/\/csm-danmark.dk\/midt-nord\/wp-json\/wp\/v2\/types\/page"}],"author":[{"embeddable":true,"href":"https:\/\/csm-danmark.dk\/midt-nord\/wp-json\/wp\/v2\/users\/13"}],"replies":[{"embeddable":true,"href":"https:\/\/csm-danmark.dk\/midt-nord\/wp-json\/wp\/v2\/comments?post=1931"}],"version-history":[{"count":7,"href":"https:\/\/csm-danmark.dk\/midt-nord\/wp-json\/wp\/v2\/pages\/1931\/revisions"}],"predecessor-version":[{"id":3774,"href":"https:\/\/csm-danmark.dk\/midt-nord\/wp-json\/wp\/v2\/pages\/1931\/revisions\/3774"}],"up":[{"embeddable":true,"href":"https:\/\/csm-danmark.dk\/midt-nord\/wp-json\/wp\/v2\/pages\/1866"}],"wp:attachment":[{"href":"https:\/\/csm-danmark.dk\/midt-nord\/wp-json\/wp\/v2\/media?parent=1931"}],"curies":[{"name":"wp","href":"https:\/\/api.w.org\/{rel}","templated":true}]}}