{"id":1657,"date":"2018-08-14T09:16:16","date_gmt":"2018-08-14T09:16:16","guid":{"rendered":"http:\/\/csm-danmark.dk.dedi5085.your-server.de\/midt-nord\/?page_id=1657"},"modified":"2019-09-11T13:11:25","modified_gmt":"2019-09-11T13:11:25","slug":"individuel-terapi","status":"publish","type":"page","link":"https:\/\/csm-danmark.dk\/midt-nord\/individuel-terapi\/","title":{"rendered":"Individuel terapi"},"content":{"rendered":"<p>Terapien i CSM Midt Nord er en mulighed for at starte en ny proces, hvor vi kan st\u00f8tte dig i at arbejde med den forandring af senf\u00f8lgerne, som du \u00f8nsker. Det er vigtigt, at du selv vil v\u00e6re aktiv i at tage de trin, der skal til for at bev\u00e6ge dig i den \u00f8nskede retning. Det er vigtigt at turde pr\u00f8ve forandring af s\u00e5rbare m\u00f8nstre og holde fast &#8211; ogs\u00e5 ved modgang.<\/p>\n<p>Et individuelt terapiforl\u00f8b tilrettel\u00e6gges ud fra den enkelte og tilpasses derfor de emner, du har brug for at arbejde med. Temaer, som mange voksne med senf\u00f8lger efter seksuelle overgreb kan have brug for at arbejde med, er\u00a0at kunne\u00a0m\u00e6rke egne f\u00f8lelser, behov og gr\u00e6nser p\u00e5 en hensigtsm\u00e6ssig m\u00e5de; at arbejde med at forst\u00e5 eget og andres sind; at\u00a0v\u00e6re sig selv i n\u00e6re relationer osv..<\/p>\n<p>Det vil v\u00e6re op til dig at bestemme, hvad du og psykologen skal tale om fra uge til uge. Sammen med psykologen aftales et fokus, som I skal arbejde med og l\u00f8bende f\u00f8lge op p\u00e5. Et fokusomr\u00e5de kunne v\u00e6re: &#8220;at v\u00e6re opm\u00e6rksom p\u00e5, n\u00e5r jeg ignorerer mine egne gr\u00e6nser&#8221; eller &#8220;at unders\u00f8ge hvad der sker, n\u00e5r jeg isolerer mig og ikke fort\u00e6ller andre, hvordan jeg har det&#8221;.<\/p>\n<p>Den individuelle terapi ved CSM Midt Nord tager h\u00f8jde for at voksne med senf\u00f8lger efter seksuelle overgreb har levet mange \u00e5r med ofte flere problemstillinger inde p\u00e5 livet som omsorgssvigt, kaotiske familieforhold, tab, problemer med uddannelse eller arbejde osv.<\/p>\n","protected":false},"excerpt":{"rendered":"<p>Terapien i CSM Midt Nord er en mulighed for at starte en ny proces, hvor vi kan st\u00f8tte dig i at arbejde med den forandring af senf\u00f8lgerne, som du \u00f8nsker. Det er vigtigt, at du selv vil v\u00e6re aktiv i at tage de trin, der skal til for at bev\u00e6ge dig i den \u00f8nskede retning. [&hellip;]<\/p>\n","protected":false},"author":13,"featured_media":0,"parent":0,"menu_order":0,"comment_status":"closed","ping_status":"closed","template":"","meta":{"_acf_changed":false,"footnotes":""},"class_list":["post-1657","page","type-page","status-publish","hentry"],"acf":[],"yoast_head":"<!-- This site is optimized with the Yoast SEO plugin v26.6 - https:\/\/yoast.com\/wordpress\/plugins\/seo\/ -->\n<title>Individuel terapi - CSM: Midt Nord<\/title>\n<meta name=\"robots\" content=\"index, follow, max-snippet:-1, max-image-preview:large, max-video-preview:-1\" \/>\n<link rel=\"canonical\" href=\"https:\/\/csm-danmark.dk\/midt-nord\/individuel-terapi\/\" \/>\n<meta property=\"og:locale\" content=\"da_DK\" \/>\n<meta property=\"og:type\" content=\"article\" \/>\n<meta property=\"og:title\" content=\"Individuel terapi - CSM: Midt Nord\" \/>\n<meta property=\"og:description\" content=\"Terapien i CSM Midt Nord er en mulighed for at starte en ny proces, hvor vi kan st\u00f8tte dig i at arbejde med den forandring af senf\u00f8lgerne, som du \u00f8nsker. Det er vigtigt, at du selv vil v\u00e6re aktiv i at tage de trin, der skal til for at bev\u00e6ge dig i den \u00f8nskede retning. [&hellip;]\" \/>\n<meta property=\"og:url\" content=\"https:\/\/csm-danmark.dk\/midt-nord\/individuel-terapi\/\" \/>\n<meta property=\"og:site_name\" content=\"CSM: Midt Nord\" \/>\n<meta property=\"article:modified_time\" content=\"2019-09-11T13:11:25+00:00\" \/>\n<meta name=\"twitter:card\" content=\"summary_large_image\" \/>\n<meta name=\"twitter:label1\" content=\"Estimeret l\u00e6setid\" \/>\n\t<meta name=\"twitter:data1\" content=\"1 minut\" \/>\n<script type=\"application\/ld+json\" class=\"yoast-schema-graph\">{\"@context\":\"https:\/\/schema.org\",\"@graph\":[{\"@type\":\"WebPage\",\"@id\":\"https:\/\/csm-danmark.dk\/midt-nord\/individuel-terapi\/\",\"url\":\"https:\/\/csm-danmark.dk\/midt-nord\/individuel-terapi\/\",\"name\":\"Individuel terapi - CSM: Midt Nord\",\"isPartOf\":{\"@id\":\"https:\/\/csm-danmark.dk\/midt-nord\/#website\"},\"datePublished\":\"2018-08-14T09:16:16+00:00\",\"dateModified\":\"2019-09-11T13:11:25+00:00\",\"breadcrumb\":{\"@id\":\"https:\/\/csm-danmark.dk\/midt-nord\/individuel-terapi\/#breadcrumb\"},\"inLanguage\":\"da-DK\",\"potentialAction\":[{\"@type\":\"ReadAction\",\"target\":[\"https:\/\/csm-danmark.dk\/midt-nord\/individuel-terapi\/\"]}]},{\"@type\":\"BreadcrumbList\",\"@id\":\"https:\/\/csm-danmark.dk\/midt-nord\/individuel-terapi\/#breadcrumb\",\"itemListElement\":[{\"@type\":\"ListItem\",\"position\":1,\"name\":\"Home\",\"item\":\"https:\/\/csm-danmark.dk\/midt-nord\/\"},{\"@type\":\"ListItem\",\"position\":2,\"name\":\"Individuel terapi\"}]},{\"@type\":\"WebSite\",\"@id\":\"https:\/\/csm-danmark.dk\/midt-nord\/#website\",\"url\":\"https:\/\/csm-danmark.dk\/midt-nord\/\",\"name\":\"CSM: Midt Nord\",\"description\":\"Center for Seksuelt Misbrugte\",\"potentialAction\":[{\"@type\":\"SearchAction\",\"target\":{\"@type\":\"EntryPoint\",\"urlTemplate\":\"https:\/\/csm-danmark.dk\/midt-nord\/?s={search_term_string}\"},\"query-input\":{\"@type\":\"PropertyValueSpecification\",\"valueRequired\":true,\"valueName\":\"search_term_string\"}}],\"inLanguage\":\"da-DK\"}]}<\/script>\n<!-- \/ Yoast SEO plugin. -->","yoast_head_json":{"title":"Individuel terapi - CSM: Midt Nord","robots":{"index":"index","follow":"follow","max-snippet":"max-snippet:-1","max-image-preview":"max-image-preview:large","max-video-preview":"max-video-preview:-1"},"canonical":"https:\/\/csm-danmark.dk\/midt-nord\/individuel-terapi\/","og_locale":"da_DK","og_type":"article","og_title":"Individuel terapi - CSM: Midt Nord","og_description":"Terapien i CSM Midt Nord er en mulighed for at starte en ny proces, hvor vi kan st\u00f8tte dig i at arbejde med den forandring af senf\u00f8lgerne, som du \u00f8nsker. Det er vigtigt, at du selv vil v\u00e6re aktiv i at tage de trin, der skal til for at bev\u00e6ge dig i den \u00f8nskede retning. [&hellip;]","og_url":"https:\/\/csm-danmark.dk\/midt-nord\/individuel-terapi\/","og_site_name":"CSM: Midt Nord","article_modified_time":"2019-09-11T13:11:25+00:00","twitter_card":"summary_large_image","twitter_misc":{"Estimeret l\u00e6setid":"1 minut"},"schema":{"@context":"https:\/\/schema.org","@graph":[{"@type":"WebPage","@id":"https:\/\/csm-danmark.dk\/midt-nord\/individuel-terapi\/","url":"https:\/\/csm-danmark.dk\/midt-nord\/individuel-terapi\/","name":"Individuel terapi - CSM: Midt Nord","isPartOf":{"@id":"https:\/\/csm-danmark.dk\/midt-nord\/#website"},"datePublished":"2018-08-14T09:16:16+00:00","dateModified":"2019-09-11T13:11:25+00:00","breadcrumb":{"@id":"https:\/\/csm-danmark.dk\/midt-nord\/individuel-terapi\/#breadcrumb"},"inLanguage":"da-DK","potentialAction":[{"@type":"ReadAction","target":["https:\/\/csm-danmark.dk\/midt-nord\/individuel-terapi\/"]}]},{"@type":"BreadcrumbList","@id":"https:\/\/csm-danmark.dk\/midt-nord\/individuel-terapi\/#breadcrumb","itemListElement":[{"@type":"ListItem","position":1,"name":"Home","item":"https:\/\/csm-danmark.dk\/midt-nord\/"},{"@type":"ListItem","position":2,"name":"Individuel terapi"}]},{"@type":"WebSite","@id":"https:\/\/csm-danmark.dk\/midt-nord\/#website","url":"https:\/\/csm-danmark.dk\/midt-nord\/","name":"CSM: Midt Nord","description":"Center for Seksuelt Misbrugte","potentialAction":[{"@type":"SearchAction","target":{"@type":"EntryPoint","urlTemplate":"https:\/\/csm-danmark.dk\/midt-nord\/?s={search_term_string}"},"query-input":{"@type":"PropertyValueSpecification","valueRequired":true,"valueName":"search_term_string"}}],"inLanguage":"da-DK"}]}},"_links":{"self":[{"href":"https:\/\/csm-danmark.dk\/midt-nord\/wp-json\/wp\/v2\/pages\/1657","targetHints":{"allow":["GET"]}}],"collection":[{"href":"https:\/\/csm-danmark.dk\/midt-nord\/wp-json\/wp\/v2\/pages"}],"about":[{"href":"https:\/\/csm-danmark.dk\/midt-nord\/wp-json\/wp\/v2\/types\/page"}],"author":[{"embeddable":true,"href":"https:\/\/csm-danmark.dk\/midt-nord\/wp-json\/wp\/v2\/users\/13"}],"replies":[{"embeddable":true,"href":"https:\/\/csm-danmark.dk\/midt-nord\/wp-json\/wp\/v2\/comments?post=1657"}],"version-history":[{"count":5,"href":"https:\/\/csm-danmark.dk\/midt-nord\/wp-json\/wp\/v2\/pages\/1657\/revisions"}],"predecessor-version":[{"id":2563,"href":"https:\/\/csm-danmark.dk\/midt-nord\/wp-json\/wp\/v2\/pages\/1657\/revisions\/2563"}],"wp:attachment":[{"href":"https:\/\/csm-danmark.dk\/midt-nord\/wp-json\/wp\/v2\/media?parent=1657"}],"curies":[{"name":"wp","href":"https:\/\/api.w.org\/{rel}","templated":true}]}}